{"id":359,"date":"2020-07-12T18:50:03","date_gmt":"2020-07-12T18:50:03","guid":{"rendered":"http:\/\/rhs-emscher-lippe.de\/?page_id=359"},"modified":"2024-03-06T19:05:33","modified_gmt":"2024-03-06T19:05:33","slug":"claudia-nolte","status":"publish","type":"page","link":"https:\/\/rhs-emscher-lippe.de\/?page_id=359","title":{"rendered":"Claudia Nolte"},"content":{"rendered":"\n<figure class=\"wp-block-table\"><table class=\"has-fixed-layout\"><tbody><tr><td><a href=\"https:\/\/rhs-emscher-lippe.de\/wp-content\/uploads\/2020\/08\/Claudia_Daibel-1536x1020.jpg\" target=\"_blank\" rel=\"noreferrer noopener\"><img loading=\"lazy\" decoding=\"async\" width=\"400\" height=\"266\" class=\"wp-image-859\" src=\"https:\/\/rhs-emscher-lippe.de\/wp-content\/uploads\/2020\/08\/Claudia_Daibel.jpg\" alt=\"\" style=\"width: 400px;\" srcset=\"https:\/\/rhs-emscher-lippe.de\/wp-content\/uploads\/2020\/08\/Claudia_Daibel.jpg 2099w, https:\/\/rhs-emscher-lippe.de\/wp-content\/uploads\/2020\/08\/Claudia_Daibel-300x199.jpg 300w, https:\/\/rhs-emscher-lippe.de\/wp-content\/uploads\/2020\/08\/Claudia_Daibel-1024x680.jpg 1024w, https:\/\/rhs-emscher-lippe.de\/wp-content\/uploads\/2020\/08\/Claudia_Daibel-768x510.jpg 768w, https:\/\/rhs-emscher-lippe.de\/wp-content\/uploads\/2020\/08\/Claudia_Daibel-1536x1020.jpg 1536w, https:\/\/rhs-emscher-lippe.de\/wp-content\/uploads\/2020\/08\/Claudia_Daibel-2048x1360.jpg 2048w\" sizes=\"auto, (max-width: 400px) 100vw, 400px\" \/><\/a><\/td><td class=\"has-text-align-center\" data-align=\"center\"><strong>Mitglied im BRH seit dem 24.05.1994<\/strong><br><br>Hundef\u00fchrer<br>Suchtrupphelfer<br><br><strong>zus\u00e4tzliche Qualifikation<\/strong><\/td><\/tr><\/tbody><\/table><\/figure>\n\n\n\n<figure class=\"wp-block-table\"><table class=\"has-fixed-layout\"><tbody><tr><td><strong><em>Lulu\u2019s D Deibel <\/em><\/strong><br><br>Rufname: Deibel<br>Rasse: Airdale Terrier<br>Geschlecht: R\u00fcde<br>Wurftag: 13.12.2010<br><br><strong>Ausbildungskennzeichen:<\/strong><br>Begleithundepr\u00fcfung: 09.05.2012<br>Vorpr\u00fcfung Rettungshunde 2012<br>Hauptpr\u00fcfung Fl\u00e4che 2013<br>Hauptpr\u00fcfung Tr\u00fcmmer 2013<br>Wiederholungspr\u00fcfungen Tr\u00fcmmer bis 2017<br>einsatzf\u00e4hig Fl\u00e4che bis heute<br><br>Deibel liebt die Rettungshundearbeit,<br>Fl\u00e4che und Tr\u00fcmmer hei\u00dft seine Devise.<\/td><td class=\"has-text-align-center\" data-align=\"center\"><strong> <\/strong><a href=\"https:\/\/rhs-emscher-lippe.de\/wp-content\/uploads\/2020\/08\/Daibel-1536x1020.jpg\" target=\"_blank\" rel=\"noreferrer noopener\"><img loading=\"lazy\" decoding=\"async\" width=\"400\" height=\"266\" class=\"wp-image-861\" src=\"https:\/\/rhs-emscher-lippe.de\/wp-content\/uploads\/2020\/08\/Daibel.jpg\" alt=\"\" style=\"width: 400px;\" srcset=\"https:\/\/rhs-emscher-lippe.de\/wp-content\/uploads\/2020\/08\/Daibel.jpg 2100w, https:\/\/rhs-emscher-lippe.de\/wp-content\/uploads\/2020\/08\/Daibel-300x199.jpg 300w, https:\/\/rhs-emscher-lippe.de\/wp-content\/uploads\/2020\/08\/Daibel-1024x680.jpg 1024w, https:\/\/rhs-emscher-lippe.de\/wp-content\/uploads\/2020\/08\/Daibel-768x510.jpg 768w, https:\/\/rhs-emscher-lippe.de\/wp-content\/uploads\/2020\/08\/Daibel-1536x1020.jpg 1536w, https:\/\/rhs-emscher-lippe.de\/wp-content\/uploads\/2020\/08\/Daibel-2048x1360.jpg 2048w\" sizes=\"auto, (max-width: 400px) 100vw, 400px\" \/><\/a><\/td><\/tr><\/tbody><\/table><figcaption class=\"wp-element-caption\"><br><br><\/figcaption><\/figure>\n\n\n\n<p><strong>bisher gef\u00fchrte Hunde<\/strong><\/p>\n\n\n\n<figure class=\"wp-block-table\"><table class=\"has-fixed-layout\"><tbody><tr><td><strong>1.Rettungshund: Hexe vom Kirspetal <\/strong><br>Rasse: Deutscher Sch\u00e4ferhund<br>Wurftag 18.12.1991<br>Begleithundepr\u00fcfung 11.09.1993<br>Schutzhundepr\u00fcfung 1994<br>Vorpr\u00fcfung Rettungshunde 1995<br>1. Fl\u00e4chenpr\u00fcfung 1996.<br>1. Tr\u00fcmmerpr\u00fcfung 1998<br>Wiederholungspr\u00fcfungen in beiden Sparten bis 2001<br>Verstorben 2002<br>&nbsp;<br>Hexe war ein toller Hund, wenn sie arbeiten konnte, war sie gl\u00fccklich.<br><br><br><strong>2. Rettungshund: Lulu\u2019s D Alfons  <\/strong><br>Rasse: Airdale Terrier<br>Wurftag 15.05.1998<br>Begleithundepr\u00fcfung 25.09.1999<br>Vorpr\u00fcfung Rettungshunde 23.09.2001<br>1. Tr\u00fcmmerpr\u00fcfung 2001<br>1. Fl\u00e4chenpr\u00fcfung 2002<br>Wiederholungspr\u00fcfungen in beiden Sparten bis 2009<br>Von 2006 bis 2009 eingesetzt als Besuchshund beim ASB<br>Verstorben in 2009<br><br>Alfons hat seine Arbeit gut gemacht, ob als Rettungshund oder Begleithund, er war immer konzentriert bei der Sache.<br><br>&nbsp;<br><strong>3. Rettungshund: Theo von Rima <\/strong><br>Rasse: Airdale Terrier<br>Wurftag 24.04.2002<br>Begleithundepr\u00fcfung 16.11.2003<br>Vorpr\u00fcfung Rettungshunde 2005<br>1. Fl\u00e4chenpr\u00fcfung 2005<br>1. Tr\u00fcmmerpr\u00fcfung 2008<br>Wiederholungspr\u00fcfungen in beiden Sparten bis 2011<br>Verstorben in 2011<br><br>Theo hat die Rettungsarbeit geliebt, er hat gearbeitet, gearbeitet und gearbeitet.<\/td><\/tr><\/tbody><\/table><\/figure>\n\n\n\n<p><\/p>\n","protected":false},"excerpt":{"rendered":"<p>Mitglied im BRH seit dem 24.05.1994 Hundef\u00fchrerSuchtrupphelfer zus\u00e4tzliche Qualifikation Lulu\u2019s D Deibel Rufname: DeibelRasse: Airdale TerrierGeschlecht: R\u00fcdeWurftag: 13.12.2010 Ausbildungskennzeichen:Begleithundepr\u00fcfung: 09.05.2012Vorpr\u00fcfung Rettungshunde 2012Hauptpr\u00fcfung Fl\u00e4che 2013Hauptpr\u00fcfung Tr\u00fcmmer 2013Wiederholungspr\u00fcfungen Tr\u00fcmmer bis 2017einsatzf\u00e4hig Fl\u00e4che bis heute Deibel liebt die Rettungshundearbeit,Fl\u00e4che und Tr\u00fcmmer hei\u00dft seine Devise. bisher gef\u00fchrte Hunde 1.Rettungshund: Hexe vom Kirspetal Rasse: Deutscher Sch\u00e4ferhundWurftag 18.12.1991Begleithundepr\u00fcfung 11.09.1993Schutzhundepr\u00fcfung 1994Vorpr\u00fcfung Rettungshunde [&hellip;]<\/p>\n","protected":false},"author":1,"featured_media":0,"parent":0,"menu_order":0,"comment_status":"closed","ping_status":"closed","template":"","meta":{"footnotes":""},"class_list":["post-359","page","type-page","status-publish","hentry"],"_links":{"self":[{"href":"https:\/\/rhs-emscher-lippe.de\/index.php?rest_route=\/wp\/v2\/pages\/359","targetHints":{"allow":["GET"]}}],"collection":[{"href":"https:\/\/rhs-emscher-lippe.de\/index.php?rest_route=\/wp\/v2\/pages"}],"about":[{"href":"https:\/\/rhs-emscher-lippe.de\/index.php?rest_route=\/wp\/v2\/types\/page"}],"author":[{"embeddable":true,"href":"https:\/\/rhs-emscher-lippe.de\/index.php?rest_route=\/wp\/v2\/users\/1"}],"replies":[{"embeddable":true,"href":"https:\/\/rhs-emscher-lippe.de\/index.php?rest_route=%2Fwp%2Fv2%2Fcomments&post=359"}],"version-history":[{"count":49,"href":"https:\/\/rhs-emscher-lippe.de\/index.php?rest_route=\/wp\/v2\/pages\/359\/revisions"}],"predecessor-version":[{"id":2802,"href":"https:\/\/rhs-emscher-lippe.de\/index.php?rest_route=\/wp\/v2\/pages\/359\/revisions\/2802"}],"wp:attachment":[{"href":"https:\/\/rhs-emscher-lippe.de\/index.php?rest_route=%2Fwp%2Fv2%2Fmedia&parent=359"}],"curies":[{"name":"wp","href":"https:\/\/api.w.org\/{rel}","templated":true}]}}