{"id":352,"date":"2020-07-12T18:49:18","date_gmt":"2020-07-12T18:49:18","guid":{"rendered":"http:\/\/rhs-emscher-lippe.de\/?page_id=352"},"modified":"2024-03-06T19:25:59","modified_gmt":"2024-03-06T19:25:59","slug":"dieter-engel","status":"publish","type":"page","link":"https:\/\/rhs-emscher-lippe.de\/?page_id=352","title":{"rendered":"Dieter Engel"},"content":{"rendered":"\n<figure class=\"wp-block-table is-style-regular\"><table class=\"has-fixed-layout\"><tbody><tr><td><a href=\"https:\/\/rhs-emscher-lippe.de\/wp-content\/uploads\/2020\/08\/Dieter_Gando_Ouzo-1536x1020.jpg\" target=\"_blank\" rel=\"noreferrer noopener\"><img loading=\"lazy\" decoding=\"async\" width=\"400\" height=\"266\" class=\"wp-image-863\" src=\"https:\/\/rhs-emscher-lippe.de\/wp-content\/uploads\/2020\/08\/Dieter_Gando_Ouzo.jpg\" alt=\"\" style=\"width: 400px;\" srcset=\"https:\/\/rhs-emscher-lippe.de\/wp-content\/uploads\/2020\/08\/Dieter_Gando_Ouzo.jpg 2100w, https:\/\/rhs-emscher-lippe.de\/wp-content\/uploads\/2020\/08\/Dieter_Gando_Ouzo-300x199.jpg 300w, https:\/\/rhs-emscher-lippe.de\/wp-content\/uploads\/2020\/08\/Dieter_Gando_Ouzo-1024x680.jpg 1024w, https:\/\/rhs-emscher-lippe.de\/wp-content\/uploads\/2020\/08\/Dieter_Gando_Ouzo-768x510.jpg 768w, https:\/\/rhs-emscher-lippe.de\/wp-content\/uploads\/2020\/08\/Dieter_Gando_Ouzo-1536x1020.jpg 1536w, https:\/\/rhs-emscher-lippe.de\/wp-content\/uploads\/2020\/08\/Dieter_Gando_Ouzo-2048x1360.jpg 2048w\" sizes=\"auto, (max-width: 400px) 100vw, 400px\" \/><\/a><\/td><td class=\"has-text-align-center\" data-align=\"center\"><strong>Mitglied im BRH seit dem 01.01.2005<\/strong><br><strong><br><\/strong>Hundef\u00fchrer<br>Suchtruppf\u00fchrer<br><br><strong>zus\u00e4tzliche Qualifikation<\/strong><br>San A<br>BOS Sprechfunker<\/td><\/tr><\/tbody><\/table><\/figure>\n\n\n\n<figure class=\"wp-block-table is-style-regular\"><table class=\"has-fixed-layout\"><tbody><tr><td><strong><em>F\u00fcrst Gando vom alten Trappistenkloster<\/em><\/strong><br><br>Rufname: Gando<br>Rasse: Labrador Retriever<br>Geschlecht: R\u00fcde<br>Wurftag: 18.04.2010<br><br><strong>Ausbildungskennzeichen:<\/strong><br>Begleithundepr\u00fcfung<br>Fl\u00e4che<br>Tr\u00fcmmer<br><br>Gando&nbsp;hat Spa\u00df bei der Arbeit und er wei\u00df was er tut. Aufgrund seiner langj\u00e4hrigen Erfahrungen kann man sich blind auf ihn verlassen.&nbsp;Gando&nbsp;hat in seiner Ausbildung gelernt nicht nur mit einem Hundef\u00fchrer zusammen zu arbeiten. Nein er hat zwei. Er ist nicht w\u00e4hlerisch mit welchem Hundef\u00fchrer er arbeiten darf, Hauptsache er darf etwas tun. Hat er einmal die Witterung aufgenommen, nimmt er das Zepter selbst in die Hand und zeigt seinem Hundef\u00fchrer genau was zu tun ist.<br><br>Zuhause lebt er nach dem Motto: \u201eIch muss nicht im Vordergrund stehen,&nbsp;Hauptsache&nbsp;ich bin dabei.\u201c So besteht sein Alltag aus einem guten Mix aus Spazierg\u00e4ngen, Spielen im Garten (Herrchen wirft den Ball oder rangeln mit Ouzo) oder&nbsp;Herrchen und Frauchen bei der Arbeit im Garten oder Haushalt beobachten\u2026 was schon sehr einschl\u00e4fernd sein kann.<\/td><td><img loading=\"lazy\" decoding=\"async\" width=\"400\" height=\"266\" class=\"wp-image-866\" style=\"width: 400px;\" src=\"https:\/\/rhs-emscher-lippe.de\/wp-content\/uploads\/2020\/08\/Gando.jpg\" alt=\"\" srcset=\"https:\/\/rhs-emscher-lippe.de\/wp-content\/uploads\/2020\/08\/Gando.jpg 2100w, https:\/\/rhs-emscher-lippe.de\/wp-content\/uploads\/2020\/08\/Gando-300x199.jpg 300w, https:\/\/rhs-emscher-lippe.de\/wp-content\/uploads\/2020\/08\/Gando-1024x680.jpg 1024w, https:\/\/rhs-emscher-lippe.de\/wp-content\/uploads\/2020\/08\/Gando-768x510.jpg 768w, https:\/\/rhs-emscher-lippe.de\/wp-content\/uploads\/2020\/08\/Gando-1536x1020.jpg 1536w, https:\/\/rhs-emscher-lippe.de\/wp-content\/uploads\/2020\/08\/Gando-2048x1360.jpg 2048w\" sizes=\"auto, (max-width: 400px) 100vw, 400px\" \/><\/td><\/tr><\/tbody><\/table><\/figure>\n\n\n\n<figure class=\"wp-block-table is-style-regular\"><table class=\"has-fixed-layout\"><tbody><tr><td><strong><em>Ouzo Santos vom alten Trappistenkloster<\/em><\/strong><br><br>Rufname: Ouzo<br>Rasse: Labrador Retriever<br>Geschlecht: R\u00fcde<br>Wurftag: 28.03.2018<br><br><strong>Ausbildungskennzeichen:<\/strong><br>Begleithundepr\u00fcfung: 11.07.2020<br>Vorpr\u00fcfung Fl\u00e4che: 10.10.2020<br>Hauptpr\u00fcfung Fl\u00e4che: 31.10.2020<br>Vorpr\u00fcfung Tr\u00fcmmer : 25.07.2021<br>Hauptpr\u00fcfung Tr\u00fcmmer: 04.09.2021<br><br>j\u00e4hrliche Wiederholung der Pr\u00fcfung <br><br>Ouzo befindet sich noch in der Ausbildung zum Rettungshund. Arbeiten ist ihm kein Fremdwort. Ouzo ist kein Hund,&nbsp;den man bitten muss, ihn muss man bremsen. Wenn es nach ihm geht,&nbsp;wird der ganze Wald auf links gedreht,&nbsp;um die vermissten Personen zu finden. Ouzo befindet sich auf einem guten Weg zum Rettungshund. Mit&nbsp;dem Bestehen&nbsp;der Begleithundepr\u00fcfung hat er bereits seinen ersten Schritt gemeistert.<br><br>Aktion, Aktion, Aktion\u2026. Mehr geht ihm auch zuhause nicht durch den Kopf. Wenn es nach ihm ginge,wird 24 Stunden lang nur mit dem Ball gespielt oder&nbsp;Gando&nbsp;ge\u00e4rgert. Ruhepausen gibt es bei ihm nicht. Au\u00dfer Herrchen hat es befohlen.<\/td><td><a href=\"https:\/\/rhs-emscher-lippe.de\/wp-content\/uploads\/2020\/08\/Ouzo-1536x1020.jpg\" target=\"_blank\" rel=\"noreferrer noopener\"><img loading=\"lazy\" decoding=\"async\" width=\"400\" height=\"266\" class=\"wp-image-877\" src=\"https:\/\/rhs-emscher-lippe.de\/wp-content\/uploads\/2020\/08\/Ouzo.jpg\" alt=\"\" style=\"width: 400px;\" srcset=\"https:\/\/rhs-emscher-lippe.de\/wp-content\/uploads\/2020\/08\/Ouzo.jpg 2100w, https:\/\/rhs-emscher-lippe.de\/wp-content\/uploads\/2020\/08\/Ouzo-300x199.jpg 300w, https:\/\/rhs-emscher-lippe.de\/wp-content\/uploads\/2020\/08\/Ouzo-1024x680.jpg 1024w, https:\/\/rhs-emscher-lippe.de\/wp-content\/uploads\/2020\/08\/Ouzo-768x510.jpg 768w, https:\/\/rhs-emscher-lippe.de\/wp-content\/uploads\/2020\/08\/Ouzo-1536x1020.jpg 1536w, https:\/\/rhs-emscher-lippe.de\/wp-content\/uploads\/2020\/08\/Ouzo-2048x1360.jpg 2048w\" sizes=\"auto, (max-width: 400px) 100vw, 400px\" \/><\/a><\/td><\/tr><\/tbody><\/table><\/figure>\n\n\n\n<p><strong>bisher gef\u00fchrte Hunde<\/strong><\/p>\n\n\n\n<figure class=\"wp-block-table is-style-regular\"><table class=\"has-fixed-layout\"><tbody><tr><td><strong>2.Rettungshund: <em>F\u00fcrst Gando vom alten Trappistenkloster<\/em><\/strong><br>Rufname: Gando<br>Wurftag: 18.04.2010<br>Sterbetag: 24.02.2024<br>Ausbildung: gepr\u00fcft Begleithundepr\u00fcfung, Fl\u00e4che und Tr\u00fcmmer<\/td><\/tr><\/tbody><\/table><\/figure>\n\n\n\n<figure class=\"wp-block-table is-style-regular\"><table class=\"has-fixed-layout\"><tbody><tr><td><strong>1.Rettungshund: Elton Sajas Martha&#8217;s Pride an Joy<\/strong><br>Rufname: Sajas<br>Wurftag: 21.02.2004<br>Sterbetag: 11.01.2018<br>Ausbildung: gepr\u00fcft Begleithundepr\u00fcfung, Fl\u00e4che und Tr\u00fcmmer<\/td><\/tr><\/tbody><\/table><\/figure>\n\n\n\n<p><\/p>\n","protected":false},"excerpt":{"rendered":"<p>Mitglied im BRH seit dem 01.01.2005Hundef\u00fchrerSuchtruppf\u00fchrer zus\u00e4tzliche QualifikationSan ABOS Sprechfunker F\u00fcrst Gando vom alten Trappistenkloster Rufname: GandoRasse: Labrador RetrieverGeschlecht: R\u00fcdeWurftag: 18.04.2010 Ausbildungskennzeichen:Begleithundepr\u00fcfungFl\u00e4cheTr\u00fcmmer Gando&nbsp;hat Spa\u00df bei der Arbeit und er wei\u00df was er tut. Aufgrund seiner langj\u00e4hrigen Erfahrungen kann man sich blind auf ihn verlassen.&nbsp;Gando&nbsp;hat in seiner Ausbildung gelernt nicht nur mit einem Hundef\u00fchrer zusammen zu [&hellip;]<\/p>\n","protected":false},"author":3,"featured_media":0,"parent":0,"menu_order":0,"comment_status":"closed","ping_status":"closed","template":"","meta":{"footnotes":""},"class_list":["post-352","page","type-page","status-publish","hentry"],"_links":{"self":[{"href":"https:\/\/rhs-emscher-lippe.de\/index.php?rest_route=\/wp\/v2\/pages\/352","targetHints":{"allow":["GET"]}}],"collection":[{"href":"https:\/\/rhs-emscher-lippe.de\/index.php?rest_route=\/wp\/v2\/pages"}],"about":[{"href":"https:\/\/rhs-emscher-lippe.de\/index.php?rest_route=\/wp\/v2\/types\/page"}],"author":[{"embeddable":true,"href":"https:\/\/rhs-emscher-lippe.de\/index.php?rest_route=\/wp\/v2\/users\/3"}],"replies":[{"embeddable":true,"href":"https:\/\/rhs-emscher-lippe.de\/index.php?rest_route=%2Fwp%2Fv2%2Fcomments&post=352"}],"version-history":[{"count":36,"href":"https:\/\/rhs-emscher-lippe.de\/index.php?rest_route=\/wp\/v2\/pages\/352\/revisions"}],"predecessor-version":[{"id":2824,"href":"https:\/\/rhs-emscher-lippe.de\/index.php?rest_route=\/wp\/v2\/pages\/352\/revisions\/2824"}],"wp:attachment":[{"href":"https:\/\/rhs-emscher-lippe.de\/index.php?rest_route=%2Fwp%2Fv2%2Fmedia&parent=352"}],"curies":[{"name":"wp","href":"https:\/\/api.w.org\/{rel}","templated":true}]}}