{"id":11,"date":"2020-07-05T21:14:27","date_gmt":"2020-07-05T21:14:27","guid":{"rendered":"http:\/\/rhs-emscher-lippe.de\/?page_id=11"},"modified":"2024-05-16T13:22:03","modified_gmt":"2024-05-16T13:22:03","slug":"impressum","status":"publish","type":"page","link":"https:\/\/rhs-emscher-lippe.de\/?page_id=11","title":{"rendered":"Impressum"},"content":{"rendered":"\n<p>Haftungsausschluss<\/p>\n\n\n\n<p>Ich \u00fcbernehme keinerlei Gew\u00e4hr f\u00fcr Aktualit\u00e4t, Korrektheit, Vollst\u00e4ndigkeit oder Qualit\u00e4t der auf meiner Homepage bereitgestellten Informationen. Haftungsanspr\u00fcche gegen Autor, Provider oder Webmaster, welche sich auf Sch\u00e4den materieller oder ideeller Art beziehen, die durch die Nutzung oder Nichtnutzung der dargebotenen Informationen bzw. durch die Nutzung fehlerhafter und unvollst\u00e4ndiger Informationen verursacht wurden sind grunds\u00e4tzlich ausgeschlossen, sofern seitens des Autors, Providers oder Webmasters kein nachweislich vors\u00e4tzliches oder grob fahrl\u00e4ssiges Verschulden vorliegt.<br>Alle Angebote sind freibleibend und unverbindlich. Ich behalte mir ausdr\u00fccklich vor, Teile der Seiten oder das gesamte Angebot ohne gesonderte Ank\u00fcndigung zu ver\u00e4ndern, zu erg\u00e4nzen, zu l\u00f6schen oder die Ver\u00f6ffentlichung zeitweise oder endg\u00fcltig einzustellen.<\/p>\n\n\n\n<p>Alle Angebote sind freibleibend und unverbindlich. Ich behalte mir ausdr\u00fccklich vor, Teile der Seiten oder das gesamte Angebot ohne gesonderte Ank\u00fcndigung zu ver\u00e4ndern, zu erg\u00e4nzen, zu l\u00f6schen oder die Ver\u00f6ffentlichung zeitweise oder endg\u00fcltig einzustellen.<\/p>\n\n\n\n<p>Verweise und Links<\/p>\n\n\n\n<p>Bei direkten oder indirekten Verweisen auf fremde Internetseiten (\u201dLinks\u201d), die au\u00dferhalb meines Verantwortungsbereiches liegen, w\u00fcrde eine Haftungsverpflichtung ausschlie\u00dflich in dem Fall in Kraft treten, in dem ich von den Inhalten Kenntnis habe und es mir technisch m\u00f6glich und zumutbar w\u00e4re, die Nutzung im Falle rechtswidriger Inhalte zu verhindern.<br>Ich erkl\u00e4re daher ausdr\u00fccklich, dass zum Zeitpunkt der Linksetzung die entsprechenden verlinkten Seiten frei von illegalen Inhalten waren. Ich habe keinerlei Einfluss auf die aktuelle und zuk\u00fcnftige Gestaltung und auf die Inhalte der gelinkten\/verkn\u00fcpften Seiten.<br>WICHTIGER HINWEIS ! Mit Urteil vom 12.Mai 1998 hat das Landgericht Hamburg entschieden, dass man durch die Ausbringung eines Links die Inhalte der gelinkten Seite ggf. mit zu verantworten hat. Dies kann \u2013 so das LG \u2013 nur dadurch verhindert werden, dass man sich ausdr\u00fccklich von diesen Inhalten distanziert.<br>Deshalb distanziere ich mich hiermit ausdr\u00fccklich von allen Inhalten aller gelinkten oder verkn\u00fcpften Seiten, die nach der Linksetzung ver\u00e4ndert wurden. Diese Feststellung gilt f\u00fcr alle innerhalb meines Internetangebotes gesetzten Links und Verweise sowie f\u00fcr Fremdeintr\u00e4ge in vom Autor eingerichteten G\u00e4steb\u00fcchern, Diskussionsforen und Mailinglisten. F\u00fcr illegale, fehlerhafte oder unvollst\u00e4ndige Inhalte und insbesondere f\u00fcr Sch\u00e4den, die aus der Nutzung oder Nichtnutzung solcherart dargebotener Informationen entstehen, haftet allein der Anbieter der Seite, auf welche verwiesen wurde, nicht derjenige, der \u00fcber Links auf die jeweilige Ver\u00f6ffentlichung lediglich verweist.<\/p>\n\n\n\n<p>Urheber- und Kennzeichenrecht<\/p>\n\n\n\n<p>Ich bin bestrebt, in allen Publikationen die Urheberrechte der verwendeten Grafiken, Texte zu beachten, von mir selbst erstellte Grafiken und Texte zu nutzen oder auf lizenzfreie Grafiken und Texte zur\u00fcckzugreifen. Alle innerhalb des Internetangebotes genannten und ggf. durch Dritte gesch\u00fctzten Marken- und Warenzeichen unterliegen uneingeschr\u00e4nkt den Bestimmungen des jeweils g\u00fcltigen Kennzeichenrechts und den Besitzrechten der jeweiligen eingetragenen Eigent\u00fcmer. Allein aufgrund der blo\u00dfen Nennung ist nicht der Schluss zu ziehen, dass Markenzeichen nicht durch Rechte Dritter gesch\u00fctzt sind! Ich erkl\u00e4re ausdr\u00fccklich, dass ich alle Warenzeichen und Markennamen als Eigentum des beim zust\u00e4ndigen Warenzeichenregister eingetragenen Eigent\u00fcmers anerkenne.<br>Das Copyright f\u00fcr ver\u00f6ffentlichte, von mir selbst erstellte Objekte bleibt allein bei mir. Eine Vervielf\u00e4ltigung oder Verwendung solcher Grafiken, Tondokumente, Videosequenzen und Texte in anderen elektronischen oder gedruckten Publikationen ist ohne meine ausdr\u00fcckliche Zustimmung nicht gestattet.<\/p>\n\n\n\n<p>Rechtswirksamkeit dieses Haftungsausschlusses<\/p>\n\n\n\n<p>Dieser Haftungsausschluss ist als Teil meines Internetangebotes zu betrachten. Sollten Teile oder einzelne Formulierungen dieses Textes der geltenden Rechtslage nicht, nicht mehr oder nicht vollst\u00e4ndig entsprechen, bleiben die \u00fcbrigen Teile des Dokumentes in ihrem Inhalt und ihrer G\u00fcltigkeit davon unber\u00fchrt.<\/p>\n\n\n\n<p>G\u00e4steb\u00fccher, Foren und Sonstiges<\/p>\n\n\n\n<p>Ich weise die Nutzer meiner Foren, G\u00e4steb\u00fccher und sonstigen Eingabem\u00f6glichkeiten darauf hin, dass bei Ihrem Eintrag in die G\u00e4steb\u00fccher pers\u00f6nliche Daten wie Name, Vorname und E-Mail-Adresse erhoben werden, beim Ausf\u00fcllen eines Anfrageformulars oder sonstigen Eingabem\u00f6glichkeiten dar\u00fcber hinaus auch Adress- und Telefonnummern- Daten. Diese Daten werden gespeichert. Die Eingabe der erhobenen Daten geschieht durch Sie auf freiwilliger Basis, eine Nutzung des jeweiligen Dienstes ist auch ohne Angabe bzw. unter Angabe eines Synonyms m\u00f6glich. Bei Eingabe frei erfundener Daten ist eine etwaige Beantwortung Ihrer Fragen jedoch leider nicht m\u00f6glich. Um strafbaren Handlungen in G\u00e4steb\u00fcchern, Foren oder sonstigen Formularen vorzubeugen oder diese Handlungen verfolgen zu k\u00f6nnen, werden m\u00f6glicherweise auch Uhrzeiten und IP-Adressen mitgeloggt. Mit Ihrem Eintrag in auf meiner Homepage vorhandenen G\u00e4steb\u00fcchern, Foren oder sonstigen Dateien erkl\u00e4ren Sie sich mit der Datenspeicherung einverstanden.<\/p>\n\n\n\n<p>Verantwortlich:<\/p>\n\n\n\n<p>BRH Rettungshundestaffel Emscher-Lippe e.V.<br>&#8211; Gesch\u00e4ftsstelle &#8211;<br>\u00a0M\u00f6wenweg 23<br>45772 Marl \/ Deutschland<\/p>\n\n\n\n<p> 1. Vorsitzender: Christian Laukamp<\/p>\n\n\n\n<p>E-Mail: Bitte nutzen Sie unser Kontaktformular<\/p>\n","protected":false},"excerpt":{"rendered":"<p>Haftungsausschluss Ich \u00fcbernehme keinerlei Gew\u00e4hr f\u00fcr Aktualit\u00e4t, Korrektheit, Vollst\u00e4ndigkeit oder Qualit\u00e4t der auf meiner Homepage bereitgestellten Informationen. Haftungsanspr\u00fcche gegen Autor, Provider oder Webmaster, welche sich auf Sch\u00e4den materieller oder ideeller Art beziehen, die durch die Nutzung oder Nichtnutzung der dargebotenen Informationen bzw. durch die Nutzung fehlerhafter und unvollst\u00e4ndiger Informationen verursacht wurden sind grunds\u00e4tzlich ausgeschlossen, sofern [&hellip;]<\/p>\n","protected":false},"author":1,"featured_media":0,"parent":0,"menu_order":0,"comment_status":"closed","ping_status":"closed","template":"","meta":{"footnotes":""},"class_list":["post-11","page","type-page","status-publish","hentry"],"_links":{"self":[{"href":"https:\/\/rhs-emscher-lippe.de\/index.php?rest_route=\/wp\/v2\/pages\/11","targetHints":{"allow":["GET"]}}],"collection":[{"href":"https:\/\/rhs-emscher-lippe.de\/index.php?rest_route=\/wp\/v2\/pages"}],"about":[{"href":"https:\/\/rhs-emscher-lippe.de\/index.php?rest_route=\/wp\/v2\/types\/page"}],"author":[{"embeddable":true,"href":"https:\/\/rhs-emscher-lippe.de\/index.php?rest_route=\/wp\/v2\/users\/1"}],"replies":[{"embeddable":true,"href":"https:\/\/rhs-emscher-lippe.de\/index.php?rest_route=%2Fwp%2Fv2%2Fcomments&post=11"}],"version-history":[{"count":4,"href":"https:\/\/rhs-emscher-lippe.de\/index.php?rest_route=\/wp\/v2\/pages\/11\/revisions"}],"predecessor-version":[{"id":2887,"href":"https:\/\/rhs-emscher-lippe.de\/index.php?rest_route=\/wp\/v2\/pages\/11\/revisions\/2887"}],"wp:attachment":[{"href":"https:\/\/rhs-emscher-lippe.de\/index.php?rest_route=%2Fwp%2Fv2%2Fmedia&parent=11"}],"curies":[{"name":"wp","href":"https:\/\/api.w.org\/{rel}","templated":true}]}}